Let j(h) = -2*h**3 + 13*h**2 - 6*h + 3. Let c be j(6). Let x(s) = 26*s + 25. Let d be x(4). Suppose c*f = -d + 486. What is the units digit of f?
9
Let q be -3*18/(-10) - 6/15. Suppose x + q*i = -15, 0 = -x + 3*x + 3*i + 9. What is the tens digit of x + 249 + 5 + 4?
5
Let d be 2/10 - (15376/(-20) - -6). Suppose 5*m + 143 = d. What is the units digit of m - (-2 + 1)/(4 - 5)?
3
Suppose -9*v + 198222 = 4*f, -46*f - 88100 = -4*v - 48*f. What is the ten thousands digit of v?
2
Let b be 3/(-4) + 9/12. Let u be 2*(-7 + (-21)/(-2)). Suppose b = -u*f + 439 + 205. What is the units digit of f?
2
Let f(m) = m**2 + 26*m + 19. Let z(g) = -3*g**2 - 78*g - 54. Let o(s) = 8*f(s) + 3*z(s). Suppose -2*h + 8 = 44. What is the hundreds digit of o(h)?
1
Let m(u) = -2*u + 139 - 3*u**2 + u**2 + 155 + 26. Let d be m(0). Suppose -o + 5*o + 288 = 4*k, -4*k - 4*o = -d. What is the tens digit of k?
7
Suppose 0 = -454*a + 451*a + 45774. What is the tens digit of 24/(-42) - (a/(-21) + -2)?
2
Let m = -688 - -688. What is the tens digit of 6 + m - (-93)/(-3)*-2?
6
Let j(l) = 25*l + 206. Let f be j(-6). What is the tens digit of -45*f/((-64)/8)?
1
Let v = -75 + 110. Suppose -19 = 6*s + v. Let g(k) = -k**2 - 15*k - 34. What is the tens digit of g(s)?
2
Let t(s) = 27*s - 87. Let d = -121 + 139. What is the tens digit of t(d)?
9
Let t = 3 - -1. Suppose 0 = -3*h + 5*q - 346 + 107, -5*h = -t*q + 394. What is the units digit of h/(-4) - (-6)/12?
0
Let h = 17 + -12. Suppose 0*a + 3*a = 108. Let v = h + a. What is the units digit of v?
1
Let m = 95 - 98. What is the hundreds digit of 178*(m - (36/(-8) - 2))?
6
Suppose 4*d + 12 = 2*d. Let z be (-2)/(-6) + 2/d. Suppose z = 5*m + r - 27, -2*m + m + 5*r = -21. What is the units digit of m?
6
Let v = -35 - -47. Suppose -v*z + 9260 = 3392. What is the hundreds digit of z?
4
Let y be (-2268)/(-11) + 2/(-11). Let p = y - 66. Suppose 4*o = -2*q + p, -4*q + q + 35 = o. What is the tens digit of o?
3
Let r = 29 - -8. Let u = 47 - r. What is the units digit of 88*((-45)/u)/(-9)?
4
Let y = 11410 + 31549. What is the thousands digit of y?
2
Let c(l) = -l**3 - l**2 + 7*l. Let g be c(-5). Let r(s) = -22*s - 105. Let x be r(-10). Let t = x - g. What is the tens digit of t?
5
Suppose -g = -1, -11*g = -5*s - 15*g - 146. What is the units digit of s/(-36) + 6758/12?
4
Suppose -391 = -25*t - 91. What is the units digit of 35/((-6)/t*2)*-1?
5
Let n = -39908 - -119675. What is the hundreds digit of n?
7
Suppose 0 = -4*y + 5*t + 11992, -5*y + 9*t = 5*t - 14999. Suppose 9*v - y = 6*v. What is the hundreds digit of v?
0
Suppose 2536 = 3*l - 2*x, 5*x = 436*l - 438*l + 1659. What is the hundreds digit of l?
8
Suppose 1968466 = 35*j + 748156. What is the hundreds digit of j?
8
Let i(p) = -1032*p - 5603. What is the tens digit of i(-13)?
1
Suppose 2*x + 16 = -2*x. Let v be x/(-26) + 270/(-65). What is the tens digit of (-133)/v + (-2)/(-32)*-4?
3
Let x = -34369 - -60386. What is the units digit of x?
7
Suppose -z - 5*x + 5164 = 2080, -3*z + 9272 = -5*x. What is the units digit of z?
9
Suppose 23 = -24*h + 143. Suppose 5*c - 4760 = 4*u, 8*c - 3*c - 4755 = h*u. What is the units digit of c?
6
Let n = -28 + 77. Let j(h) = 14*h**2 - 4*h**3 + n + 6*h - 37 + 5*h**3 - 26. What is the tens digit of j(-13)?
7
Let z = 97 - 8. Suppose -v - z - 19 = -4*p, 5*v = 20. What is the units digit of 1001/p + (-6)/8?
5
Suppose g - 4965 = -5*a, -3*a + 2987 = 103*g - 104*g. What is the units digit of a?
4
Let p = 70 + -70. Suppose -4*g - 915 + 83 = p. Let k = 295 + g. What is the tens digit of k?
8
Suppose g - 25307 = -3*h + 9366, -5*g = -5*h + 57775. What is the ten thousands digit of h?
1
Suppose -19*k + 732449 = -1021901 + 311300. What is the thousands digit of k?
5
Let h(p) = -p**3 + 24*p**2 - 35*p + 47. Let q = 47 + -30. What is the tens digit of h(q)?
7
Let r(b) = -3251*b + 2848. What is the thousands digit of r(-6)?
2
Let y = -981 + 985. Suppose b - 33 = -3*r, -6*r + 3*r = -9. Suppose y*n - 340 = -b. What is the units digit of n?
9
Let m = 128 - 83. Let u be (36/m)/(4/10). What is the tens digit of ((-6)/4)/(u/(-80))?
6
Let x be 4 + 0 + -3 + -1. Suppose x = -g + b + 103, -15 = 2*b - 7*b. What is the hundreds digit of g?
1
Let h be (20/(-25))/(8/(-20)). What is the units digit of ((-1)/h)/(6/(-2832))?
6
Suppose -79 = 3*f + 4*i, -f + 34 = -3*f + 2*i. Let l = 23 + f. Suppose 0 = 4*c - x - 145, -l*c + x + 75 = -0*x. What is the units digit of c?
5
Suppose -448 = s - 462. Let y(c) = c**3 - 13*c**2 + 6*c + 18. What is the tens digit of y(s)?
9
Let n(b) = b**2 + 25*b - 47. Let k be n(-27). Suppose -k*i + 2*i + 455 = 5*t, -5*i + t + 449 = 0. What is the units digit of i?
0
Let c = 18615 - -16042. What is the tens digit of c?
5
Suppose -2*y = -3*s + 62, -4*y = 3 + 13. Let k = -167 - -416. Suppose 15*j = s*j - k. What is the tens digit of j?
8
Suppose 553727 = -35*w + 789727 + 1495765. What is the units digit of w?
9
Let y(r) = 5*r**2 - 17*r + 8. Let a be y(5). Suppose -6*w - a = -12*w. What is the units digit of w?
8
Let p(j) = j**3 - 17*j**2 + 326*j + 101. What is the ten thousands digit of p(42)?
5
Suppose 6 = 2*o, 5*o + 8 = -3*p + 29. Let m be ((-2)/2)/(1*p/6). What is the units digit of (32 - m - -3) + -5?
3
What is the tens digit of 138/2*(-986)/(-51)?
3
Let s be 9/(-6)*(-80)/12. Let i(m) = -2*m - 5 + s*m - m**3 + 6*m**2 - 5*m. What is the tens digit of i(6)?
1
Suppose 1574*t - 1556*t = 159264. What is the tens digit of t?
4
Let b(v) = v**3 + 13*v + 6344. What is the thousands digit of b(0)?
6
Suppose 4*k = -2*i - 10 + 158, 0 = -2*i + 4*k + 116. Suppose b - 5*a = i, -b + 45 = 4*a - 21. What is the units digit of b?
6
Suppose 5*p - 2053 = 4*z, -2*z + 3*z - 3*p + 508 = 0. Let f = -239 - z. What is the hundreds digit of f?
2
Let v(j) = 48*j**2 - 34*j - 6. What is the units digit of v(16)?
8
Let r = -2 - -6. Let a = -16 - -16. Suppose a = 4*t + d + 2*d - 215, r*t = d + 227. What is the units digit of t?
6
Let u(v) = v**3 - v**2 - v - 4. Let w be u(0). Let b = w - 4. What is the units digit of 740/b*(-6)/15?
7
Suppose -27 + 3 = -2*z. Suppose 2*r - 6*r + 3 = 5*m, -m - 5*r - z = 0. Suppose -t = 4*n - 44, m*t - 16 - 71 = 3*n. What is the units digit of t?
2
Suppose -14*g + 616 = -6*g. Suppose 0 = -g*b + 79*b - 26. What is the tens digit of b?
1
Suppose 6*m + 28 = 10. What is the units digit of -447*(2/1 + m)?
7
Let q(y) = -y + 27*y**2 - 45*y**2 + 20*y**2. Let r be q(6). Suppose 0 = 2*v - r + 10. What is the units digit of v?
8
Suppose -9*t - 6*t = 2250. Let f = -30 - t. What is the hundreds digit of f?
1
Let p be 36/1*(22/(-8))/(-1). Let q = p + -37. What is the tens digit of q?
6
Suppose 613 + 223 = -2*p. Let c = p - -829. What is the units digit of c?
1
Let z(n) = 102*n - 101. Let i be z(22). Suppose 0*y + i = 3*q + 2*y, 3*q - 4*y - 2113 = 0. What is the units digit of q?
1
Suppose 0 = 781*a + 1377019 - 6029544 - 54312194. What is the hundreds digit of a?
4
Let v(n) = 3*n**3 - 7*n**2 + 6*n + 5. Let z be v(3). Let j(h) = -h**3 + h**2 - h + 115. Let b be j(0). Let s = b - z. What is the tens digit of s?
7
Suppose 3*a - q - 7370 = 11553, -4*a + 2*q = -25228. What is the hundreds digit of a?
3
Let o = -2639 + 7555. What is the units digit of o?
6
Suppose 30*z + 386904 = 42*z. What is the thousands digit of z?
2
Let v(t) = 49*t**2 + t - 4. Let y be v(3). Let b = -2191 - -2211. Suppose 0 = 15*f - b*f + y. What is the units digit of f?
8
Suppose -218*h + 224*h - 384 = 0. Let i = h - -31. What is the units digit of i?
5
Let f(l) = -l**3 - 3*l**2 - 2*l. Let w be f(-2). Suppose 0 = 2*n - y - 1 - 9, -7*n - 2*y = -24. Suppose w = n*x + 3*x - 427. What is the units digit of x?
1
Suppose -26*w - 6010 = -1506704. What is the thousands digit of w?
7
Let x(f) = f**3 + 69*f**2 - 172*f - 164. What is the hundreds digit of x(-71)?
9
Let w be 4/(-2) - (16 + -21). Suppose 4*j = 4*f + j + 15, -w*j = 5*f - 15. Suppose 66 = -f*d + 3*d. What is the units digit of d?
2
Let k = 2504 - 4020. Let q = 2251 + k. What is the tens digit of q?
3
Let v be -3 + 1 - 8/(-4). Suppose v = -4*j - 4*m + 288, -j + 288 = 3*j + m. What is the tens digit of j?
7
Suppose 3*k + 7 = 4*p, -5*p = 2*k + 10 - 36. Suppose -5*r = -6*r - p. Let q = r + 5. What is the units digit of q?
1
Let j(x) = 5*x**3 - 2*x**2 - x + 1. Suppose 2*y = -32